{"id":866,"date":"2023-04-01T19:32:17","date_gmt":"2023-04-01T19:32:17","guid":{"rendered":"https:\/\/cov12.iavceivolcano.org\/conference-program-copy-copy\/"},"modified":"2023-08-22T01:43:28","modified_gmt":"2023-08-22T01:43:28","slug":"call_for_sessions","status":"publish","type":"page","link":"https:\/\/cov12.iavceivolcano.org\/call_for_sessions\/","title":{"rendered":"Call for session proposals"},"content":{"rendered":"<!DOCTYPE html PUBLIC \"-\/\/W3C\/\/DTD HTML 4.0 Transitional\/\/EN\" \"http:\/\/www.w3.org\/TR\/REC-html40\/loose.dtd\">\n<html><body><div class=\"alignfull slider-fullheight-wrapper\">\n\n    <div class=\"block-slider slider slider--fade ns triangle-bottom alignfull\" data-slider='{ \"type\": \"fade\", \"speed\": 2500, \"autoplay\": false, \"interval\": 5000, \"lazyLoad\": \"nearby\", \"rewind\": true, \"arrows\": false, \"drag\": false, \"pagination\": false, \"waitForTransition\": false, \"breakpoints\": { \"959\": { \"pagination\": false } }  }'>\n        <div class=\"slider__track\">\n            <div class=\"slider__list\">\n\n            \n                <div class=\"slider__slide block-slide\">\n\n                    <div class=\"block-slider-wrapper\" style=\"background: linear-gradient(90deg, rgba(0,0,0,1) 30%, rgb(0,0,0) 50%, rgba(0,0,0,1) 80%)\">\n\n                        \n                                                <div class=\"block-slider-content flex middle-xs\">\n                            <div class=\"alignwide\">\n\n                                <div class=\"parallax-opposite\">\n                                    \n                                                                                                                <h1 class=\"block-slider-title slider-title has-white-text-color\"><span>Call for Session Proposals<\/span><\/h1>\n                                                                                                                \n                                    \n                                    \n                                    \n                                    \n                                    \n                                <\/div>\n\n                            <\/div>\n                        <\/div>\n                        \n                        \n                        <div class=\"block-slider-back \">\n\n                            <span class=\"block-slider-back-left\" style=\"background: rgb(0,0,0);\"><\/span>\n                            <span class=\"block-slider-back-right\" style=\"background: rgb(0,0,0);\"><\/span>\n                            <div class=\"block-slider-back-anim\">\n                                                                <span class=\"block-slider-back-anim-radial\" style=\"background: radial-gradient(circle, rgba(0,0,0,0) 44%, rgba(0,0,0,0.8) 60%, rgb(0,0,0) 70%);\"><\/span>\n                                \n                                <img data-slider-lazy=\"https:\/\/cov12.iavceivolcano.org\/content\/uploads\/sites\/16\/2023\/04\/sam_0920-aspect-ratio-1990-862-1.png\" alt=\"Call for Session Proposals\">\n                                <noscript>\n                                    <img decoding=\"async\" src=\"https:\/\/cov12.iavceivolcano.org\/content\/uploads\/sites\/16\/2023\/04\/sam_0920-aspect-ratio-1990-862-1.png\" alt=\"Call for Session Proposals\" loading=\"eager\">\n                                <\/noscript>\n                            <\/div>\n                        <\/div>\n                        \n                        \n                    <\/div>\n                <\/div>\n\n            \n            <\/div>\n        <\/div>\n\n        <svg viewbox=\"0 0 100 100\" preserveaspectratio=\"none\" class=\"triangle triangle-bottom\">\n            <path d=\"M0 0 L50 90 L100 0 V100 H0\" fill=\"#fff\"><\/path>\n        <\/svg>\n\n    <\/div>\n\n    <div class=\"slider-fullheight-content\">\n\n        <div class=\"alignwide\">\n\n            \n            \n        <\/div>\n    <\/div>\n<\/div>\n\n\n\n<h4 class=\"block-heading has-text-align-center\"><strong>La convocatoria a propuestas de sesiones est&aacute; cerrada \/ <\/strong><br><strong>The call for session proposals is now closed<\/strong><\/h4>\n\n\n\n<div class=\"block-columns are-vertically-aligned-top is-layout-flex container-core-columns-is-layout-9d6595d7 block-columns-is-layout-flex\">\n<div class=\"block-column is-vertically-aligned-top is-layout-flow block-column-is-layout-flow\">\n<h3 class=\"block-heading\">Espa&ntilde;ol<\/h3>\n\n\n\n<h4 class=\"block-heading\"><mark style=\"background-color:#fab234\" class=\"has-inline-color\">Nueva fecha l&iacute;mite: 8 de mayo<\/mark><\/h4>\n\n\n\n<div class=\"block-file\"><a id=\"block-file--media-e82ec895-c22f-4780-8d23-212327af0103\" href=\"https:\/\/cov12.iavceivolcano.org\/content\/uploads\/sites\/16\/2023\/04\/convocatoria_sesiones_cov12.pdf\" target=\"_blank\" rel=\"noreferrer noopener\">Convocatoria en espa&ntilde;ol<\/a><\/div>\n\n\n\n<p>Invitamos a proponer sesiones dentro de las siguientes tem&aacute;ticas:<\/p>\n\n\n\n<ul class=\"block-list\">\n<li><strong>Volcanes y desarrollo sostenible<\/strong><\/li>\n\n\n\n<li><strong>Volcanes, las humanidades y las artes creativas<\/strong><\/li>\n\n\n\n<li><strong>Volcanes y su contexto social, cultural y pol&iacute;tico<\/strong><\/li>\n\n\n\n<li><strong>Del monitoreo volc&aacute;nico y la evaluaci&oacute;n de la amenaza a la gesti&oacute;n del riesgo<\/strong><\/li>\n<\/ul>\n\n\n\n<p>La descripci&oacute;n completa de los temas e indicaciones para alinear las propuestas con las prioridades de la conferencia se encuentra <mark style=\"background-color:#fab234\" class=\"has-inline-color\"><a href=\"https:\/\/cov12.iavceivolcano.org\/main_themes\/\">AQU&Iacute;<\/a>.<\/mark><\/p>\n<\/div>\n\n\n\n<div class=\"block-column is-vertically-aligned-top is-layout-flow block-column-is-layout-flow\">\n<h3 class=\"block-heading\">English<\/h3>\n\n\n\n<h4 class=\"block-heading\"><mark style=\"background-color:#fab234\" class=\"has-inline-color\">Deadline extension: 8 May<\/mark><\/h4>\n\n\n\n<div class=\"block-file\"><a id=\"block-file--media-4db6b2fe-ed7c-47ed-ab7f-b2d74e8e5ca1\" href=\"https:\/\/cov12.iavceivolcano.org\/content\/uploads\/sites\/16\/2023\/04\/call_for_sessions_cov12.pdf\" target=\"_blank\" rel=\"noreferrer noopener\">Call in English<\/a><\/div>\n\n\n\n<p>We invite session proposals under the following four themes:<\/p>\n\n\n\n<ul class=\"block-list\">\n<li><strong>Volcanoes and Sustainable Development<\/strong><\/li>\n\n\n\n<li><strong>Volcanoes, the Humanities and Creative arts<\/strong><\/li>\n\n\n\n<li><strong>Volcanoes and their Social, Cultural, and Political Context<\/strong><\/li>\n\n\n\n<li><strong>From Volcano Monitoring and Hazard Assessment to Risk Management<\/strong><\/li>\n<\/ul>\n\n\n\n<p class=\"has-text-align-left\">A full description of the themes and guidance for aligning your proposals with the conference priorities can be found <mark style=\"background-color:#fab234\" class=\"has-inline-color\"><a href=\"https:\/\/cov12.iavceivolcano.org\/main_themes\/\">HERE<\/a>.<\/mark><\/p>\n<\/div>\n<\/div>\n\n\n\n<div class=\"block-columns is-layout-flex container-core-columns-is-layout-9d6595d7 block-columns-is-layout-flex\">\n<div class=\"block-column is-layout-flow block-column-is-layout-flow\">\n<p>Alentamos formatos de sesi&oacute;n no tradicionales que promuevan la discusi&oacute;n, aunque las sesiones tradicionales centradas en presentaciones tambi&eacute;n son bienvenidas. Algunos formatos potenciales incluyen (pero no se limitan a):<\/p>\n\n\n\n<ul class=\"block-list\">\n<li>paneles de discusi&oacute;n<\/li>\n\n\n\n<li>sesiones de discusi&oacute;n en mesas redondas \/ sesiones de talleres<\/li>\n\n\n\n<li>sesiones de charlas rel&aacute;mpago (lightning talks)<\/li>\n\n\n\n<li>sesiones de presentaciones<\/li>\n\n\n\n<li>sesiones de afiches o posters<\/li>\n<\/ul>\n<\/div>\n\n\n\n<div class=\"block-column is-layout-flow block-column-is-layout-flow\">\n<p>We encourage non-traditional session formats that promote discussion, although traditional presentation-focused sessions are also welcome. Potential formats, include, but are not limited to:<\/p>\n\n\n\n<ul class=\"block-list\">\n<li>panel discussions<\/li>\n\n\n\n<li>round table discussion sessions \/ workshop session<\/li>\n\n\n\n<li>lightning talk sessions<\/li>\n\n\n\n<li>presentation sessions<\/li>\n\n\n\n<li>poster sessions<\/li>\n<\/ul>\n<\/div>\n<\/div>\n\n\n\n<div class=\"block-columns is-layout-flex container-core-columns-is-layout-9d6595d7 block-columns-is-layout-flex\">\n<div class=\"block-column is-layout-flow block-column-is-layout-flow\">\n<p>Para proponer una sesi&oacute;n se requerir&aacute;:<\/p>\n\n\n\n<ul class=\"block-list\">\n<li>T&iacute;tulo de la sesi&oacute;n propuesta.<\/li>\n\n\n\n<li>Nombres de los\/las convocantes con sus respectivas filiaciones y direcciones de correo electr&oacute;nico. El\/la coordinador(a) de la sesi&oacute;n debe ser indicado. Los equipos convocantes deben considerar aspectos de diversidad e inclusi&oacute;n en su composici&oacute;n, por ejemplo, etapa educacional y\/o de carrera, regi&oacute;n geogr&aacute;fica, g&eacute;nero, sector profesional (p.ej. protecci&oacute;n civil, acad&eacute;mico\/a, educaci&oacute;n), etc.<\/li>\n\n\n\n<li>Resumen de la sesi&oacute;n propuesta (\n\n\n\n<\/li><li>Nombres de dos potenciales conferencistas para plenaria con sus filiaciones (para las sesiones de presentaciones).<\/li>\n\n\n\n<li>Requerimientos especiales, si los hubiese.<\/li>\n<\/ul>\n<\/div>\n\n\n\n<div class=\"block-column is-layout-flow block-column-is-layout-flow\">\n<p>Submitting a session proposal, you will be asked for: <\/p>\n\n\n\n<ul class=\"block-list\">\n<li>Title of the proposed session.<\/li>\n\n\n\n<li>Names of conveners with affiliations and email addresses. The lead convenor should be indicated. Convener teams should consider diversity and inclusion in their make-up for example, educational\/career stage, geographical region, gender, professional sector (e.g., civil protection, academic, school education), etc.<\/li>\n\n\n\n<li>Description of the proposed session (\n\n\n\n<\/li><li>Names of two potential keynote speakers with affiliations (for presentation sessions).<\/li>\n\n\n\n<li>Any special considerations needed.<\/li>\n<\/ul>\n<\/div>\n<\/div>\n\n\n\n<div class=\"block-columns is-layout-flex container-core-columns-is-layout-9d6595d7 block-columns-is-layout-flex\">\n<div class=\"block-column is-layout-flow block-column-is-layout-flow\">\n<p><strong>Para proponer una sesi&oacute;n, por favor complete este <a rel=\"noreferrer noopener\" href=\"https:\/\/forms.gle\/428Jiaa57er16GKG9\" target=\"_blank\"><mark style=\"background-color:#fab234\" class=\"has-inline-color\">formulario<\/mark><\/a> con fecha l&iacute;mite el 8 de mayo de 2023.<\/strong><\/p>\n\n\n\n<p>Ante cualquier consulta, no dude en escribir a cov12program@gmail.com<\/p>\n<\/div>\n\n\n\n<div class=\"block-column is-layout-flow block-column-is-layout-flow\">\n<p><strong>Please complete this <a rel=\"noreferrer noopener\" href=\"https:\/\/forms.gle\/428Jiaa57er16GKG9\" target=\"_blank\"><mark style=\"background-color:#fab234\" class=\"has-inline-color\">proposal form<\/mark><\/a> by 8 May 2023.<\/strong><\/p>\n\n\n\n<p>If you have any questions, do not hesitate to contact cov12program@gmail.com.<\/p>\n<\/div>\n<\/div>\n\n\n\n<p class=\"has-text-align-center\"><\/p>\n\n\n\n<div class=\"block-columns is-layout-flex container-core-columns-is-layout-9d6595d7 block-columns-is-layout-flex\">\n<div class=\"block-column is-layout-flow block-column-is-layout-flow\">\n<figure class=\"block-image aligncenter size-full\"><div class=\"loading-placeholder shine\" style=\"aspect-ratio: 1\/ 1\"><img decoding=\"async\" data-sizes=\"(max-width: 300px) 100vw, 300px\" data-src=\"https:\/\/cov12.iavceivolcano.org\/content\/uploads\/sites\/16\/2023\/04\/logo.png\" data-srcset=\"https:\/\/cov12.iavceivolcano.org\/content\/uploads\/sites\/16\/2023\/04\/logo.png 300w, https:\/\/cov12.iavceivolcano.org\/content\/uploads\/sites\/16\/2023\/04\/logo-150x150.png 150w, https:\/\/cov12.iavceivolcano.org\/content\/uploads\/sites\/16\/2023\/04\/logo-190x190.png 190w, https:\/\/cov12.iavceivolcano.org\/content\/uploads\/sites\/16\/2023\/04\/logo-140x140.png 140w\" width=\"300\" height=\"300\" src=\"\/\/:0\" class=\"lazyload\" alt=\"Logo\" style=\"\" loading=\"lazy\"><noscript><img decoding=\"async\" width=\"300\" height=\"300\" src=\"https:\/\/cov12.iavceivolcano.org\/content\/uploads\/sites\/16\/2023\/04\/logo.png\" class=\"lazyload\" alt=\"Logo\" style=\"\" srcset=\"https:\/\/cov12.iavceivolcano.org\/content\/uploads\/sites\/16\/2023\/04\/logo.png 300w, https:\/\/cov12.iavceivolcano.org\/content\/uploads\/sites\/16\/2023\/04\/logo-150x150.png 150w, https:\/\/cov12.iavceivolcano.org\/content\/uploads\/sites\/16\/2023\/04\/logo-190x190.png 190w, https:\/\/cov12.iavceivolcano.org\/content\/uploads\/sites\/16\/2023\/04\/logo-140x140.png 140w\" sizes=\"auto, (max-width: 300px) 100vw, 300px\" loading=\"lazy\"><\/noscript><\/div><\/figure>\n<\/div>\n<\/div>\n\n\n\n<p> <\/p>\n\n\n\n<p><\/p>\n<\/body><\/html>\n","protected":false},"excerpt":{"rendered":"<p>La convocatoria a propuestas de sesiones est\u00e1 cerrada \/ The call for session proposals is now closed Espa\u00f1ol Nueva fecha l\u00edmite: 8 de mayo Invitamos a proponer sesiones dentro de las siguientes tem\u00e1ticas: La descripci\u00f3n completa de los temas e&#8230;<\/p>\n","protected":false},"author":626,"featured_media":1025,"parent":0,"menu_order":3,"ping_status":"closed","template":"","meta":{"_acf_changed":false,"_searchwp_excluded":"1","footnotes":""},"class_list":["post-866","page","type-page","status-publish","has-post-thumbnail","hentry"],"acf":[],"lang":"en","translations":{"en":866},"pll_sync_post":[],"_links":{"self":[{"href":"https:\/\/cov12.iavceivolcano.org\/api\/wp\/v2\/pages\/866","targetHints":{"allow":["GET"]}}],"collection":[{"href":"https:\/\/cov12.iavceivolcano.org\/api\/wp\/v2\/pages"}],"about":[{"href":"https:\/\/cov12.iavceivolcano.org\/api\/wp\/v2\/types\/page"}],"author":[{"embeddable":true,"href":"https:\/\/cov12.iavceivolcano.org\/api\/wp\/v2\/users\/626"}],"version-history":[{"count":19,"href":"https:\/\/cov12.iavceivolcano.org\/api\/wp\/v2\/pages\/866\/revisions"}],"predecessor-version":[{"id":1719,"href":"https:\/\/cov12.iavceivolcano.org\/api\/wp\/v2\/pages\/866\/revisions\/1719"}],"wp:featuredmedia":[{"embeddable":true,"href":"https:\/\/cov12.iavceivolcano.org\/api\/wp\/v2\/media\/1025"}],"wp:attachment":[{"href":"https:\/\/cov12.iavceivolcano.org\/api\/wp\/v2\/media?parent=866"}],"curies":[{"name":"wp","href":"https:\/\/api.w.org\/{rel}","templated":true}]}}

<p>La convocatoria a propuestas de sesiones está cerrada / The call for session proposals is now closed Español Nueva fecha límite: 8 de mayo Invitamos a proponer sesiones dentro de las siguientes temáticas: La descripción completa de los temas e&#8230;</p>
