{"id":2765,"date":"2023-11-17T22:56:40","date_gmt":"2023-11-17T22:56:40","guid":{"rendered":"https:\/\/cov12.iavceivolcano.org\/tzutujil-maya-copy\/"},"modified":"2023-11-17T23:05:30","modified_gmt":"2023-11-17T23:05:30","slug":"tzutujil-maya-copy","status":"publish","type":"page","link":"https:\/\/cov12.iavceivolcano.org\/tzutujil-maya\/tzutujil-maya-copy\/","title":{"rendered":"Santiago Atitl\u00e1n &#8211; Culture, Risk, and Resettlement Copy"},"content":{"rendered":"\n<h2 class=\"block-heading\">&#8220;We are Where We Have to Be\u201d: Risk, Reality, Resettlement&nbsp; &nbsp;<\/h2>\n\n\n\n<p><p>This field trip will introduce participants to the Indigenous Tz\u2019utujil Maya communities of Panabaj, Chuk Muk, Cerro de Oro, and Santiago Atitl\u00e1n on the flanks of Tolim\u00e1n volcano in the Atitl\u00e1n caldera. You\u2019ll get a chance to meet with community members to learn about living and working here, explore Indigenous ways of relating to these landscapes, and visit sites associated with the Indigenous-centred Guatemalan feature film Cordillera de Fuego. We will explore ongoing realities of balancing environmental risk with complex socio-economic pressures in marginalised communities and post-disaster resettlements in the wake of the 2005 Panabaj landslide. This is a unique opportunity to gain in-depth, first-hand experience with people to whom this \u2018red zone\u2019 is home.<\/p>\n<h2><b>\u201cEstamos donde debemos estar\u201d: Riesgo, realidad, reasentamiento<\/b><\/h2>\n<p>Esta salida de campo presentar\u00e1 a los participantes las comunidades Ind\u00edgenas Maya Tz\u2019utujiles de Panabaj, Chuk Muk, Cerro de Oro y Santiago Atitl\u00e1n en las laderas del volc\u00e1n Tolim\u00e1n en la caldera de Atitl\u00e1n. Usted tendr\u00e1 la oportunidad de reunirse con miembros de la comunidad para aprender sobre la vida y el trabajo en estos lugares, explorar los modos ind\u00edgenas de relacionarse con estos paisajes y visitar sitios asociados con el largometraje guatemalteco centrado en la vida ind\u00edgena Cordillera de Fuego. Exploraremos las realidades actuales de equilibrar el riesgo ambiental con las complejas presiones socioambientales en comunidades marginalizadas y en reasentamientos posteriores al desastre debido al deslizamiento de tierra en Panabaj en 2005. Esta es una oportunidad \u00fanica de obtener una experiencia profunda y de primera mano con personas para quienes esta \u201czona roja\u201d es su hogar.<\/p><\/p>\n\n\n\n<div class=\"block-columns is-layout-flex container-core-columns-is-layout-9d6595d7 block-columns-is-layout-flex\">\n<div class=\"block-column is-layout-flow block-column-is-layout-flow\">\n<ul class=\"block-list\">\n<li>Type : Post-conference<\/li>\n\n\n\n<li>Dates : February 18th &#8211; 23rd<\/li>\n<\/ul>\n<\/div>\n\n\n\n<div class=\"block-column is-layout-flow block-column-is-layout-flow\">\n<ul class=\"block-list\">\n<li>Capacity : Up to 30<\/li>\n\n\n\n<li>Organizer : Eliza Calder (eliza.calder@ed.ac.uk)&nbsp;&nbsp;<\/li>\n<\/ul>\n<\/div>\n\n\n\n<div class=\"block-column is-layout-flow block-column-is-layout-flow\">\n<ul class=\"block-list\">\n<li>Language : Spanish\/English<\/li>\n\n\n\n<li>Cost : $200 (support available see below)<\/li>\n<\/ul>\n<\/div>\n<\/div>\n\n\n\n\n\n<div class=\"block-columns is-layout-flex container-core-columns-is-layout-9d6595d7 block-columns-is-layout-flex\">\n<div class=\"block-column is-layout-flow block-column-is-layout-flow\">\n<figure class=\"block-image size-full\"><div class=\"loading-placeholder shine\" style=\"aspect-ratio: 1\/ 1.33333333333\"><img decoding=\"async\" data-sizes=\"(max-width: 768px) 100vw, 768px\" data-src=\"https:\/\/cov12.iavceivolcano.org\/content\/uploads\/sites\/16\/2023\/10\/5.-photo1-1.jpeg\" data-srcset=\"https:\/\/cov12.iavceivolcano.org\/content\/uploads\/sites\/16\/2023\/10\/5.-photo1-1.jpeg 768w, https:\/\/cov12.iavceivolcano.org\/content\/uploads\/sites\/16\/2023\/10\/5.-photo1-1-225x300.jpeg 225w, https:\/\/cov12.iavceivolcano.org\/content\/uploads\/sites\/16\/2023\/10\/5.-photo1-1-105x140.jpeg 105w\" width=\"768\" height=\"1024\" src=\"\/\/:0\" class=\"lazyload\" alt=\"5 Photo1 1\" style=\"\"   loading=\"lazy\" \/><noscript><img decoding=\"async\" width=\"768\" height=\"1024\" src=\"https:\/\/cov12.iavceivolcano.org\/content\/uploads\/sites\/16\/2023\/10\/5.-photo1-1.jpeg\" class=\"lazyload\" alt=\"5 Photo1 1\" style=\"\" srcset=\"https:\/\/cov12.iavceivolcano.org\/content\/uploads\/sites\/16\/2023\/10\/5.-photo1-1.jpeg 768w, https:\/\/cov12.iavceivolcano.org\/content\/uploads\/sites\/16\/2023\/10\/5.-photo1-1-225x300.jpeg 225w, https:\/\/cov12.iavceivolcano.org\/content\/uploads\/sites\/16\/2023\/10\/5.-photo1-1-105x140.jpeg 105w\" sizes=\"auto, (max-width: 768px) 100vw, 768px\" loading=\"lazy\" \/><\/noscript><\/div><\/figure>\n<\/div>\n\n\n\n<div class=\"block-column is-layout-flow block-column-is-layout-flow\">\n<figure class=\"block-image size-full\"><div class=\"loading-placeholder shine\" style=\"aspect-ratio: 1\/ 0.4541015625\"><img decoding=\"async\" data-sizes=\"(max-width: 1024px) 100vw, 1024px\" data-src=\"https:\/\/cov12.iavceivolcano.org\/content\/uploads\/sites\/16\/2023\/10\/5.-photo2-1.jpeg\" data-srcset=\"https:\/\/cov12.iavceivolcano.org\/content\/uploads\/sites\/16\/2023\/10\/5.-photo2-1.jpeg 1024w, https:\/\/cov12.iavceivolcano.org\/content\/uploads\/sites\/16\/2023\/10\/5.-photo2-1-300x136.jpeg 300w, https:\/\/cov12.iavceivolcano.org\/content\/uploads\/sites\/16\/2023\/10\/5.-photo2-1-768x349.jpeg 768w, https:\/\/cov12.iavceivolcano.org\/content\/uploads\/sites\/16\/2023\/10\/5.-photo2-1-308x140.jpeg 308w\" width=\"1024\" height=\"465\" src=\"\/\/:0\" class=\"lazyload\" alt=\"5 Photo2 1\" style=\"\"   loading=\"lazy\" \/><noscript><img decoding=\"async\" width=\"1024\" height=\"465\" src=\"https:\/\/cov12.iavceivolcano.org\/content\/uploads\/sites\/16\/2023\/10\/5.-photo2-1.jpeg\" class=\"lazyload\" alt=\"5 Photo2 1\" style=\"\" srcset=\"https:\/\/cov12.iavceivolcano.org\/content\/uploads\/sites\/16\/2023\/10\/5.-photo2-1.jpeg 1024w, https:\/\/cov12.iavceivolcano.org\/content\/uploads\/sites\/16\/2023\/10\/5.-photo2-1-300x136.jpeg 300w, https:\/\/cov12.iavceivolcano.org\/content\/uploads\/sites\/16\/2023\/10\/5.-photo2-1-768x349.jpeg 768w, https:\/\/cov12.iavceivolcano.org\/content\/uploads\/sites\/16\/2023\/10\/5.-photo2-1-308x140.jpeg 308w\" sizes=\"auto, (max-width: 1024px) 100vw, 1024px\" loading=\"lazy\" \/><\/noscript><\/div><\/figure>\n\n\n\n<figure class=\"block-image size-full\"><div class=\"loading-placeholder shine\" style=\"aspect-ratio: 1\/ 0.75\"><img decoding=\"async\" data-sizes=\"(max-width: 1024px) 100vw, 1024px\" data-src=\"https:\/\/cov12.iavceivolcano.org\/content\/uploads\/sites\/16\/2023\/10\/5.-photo3-1.jpeg\" data-srcset=\"https:\/\/cov12.iavceivolcano.org\/content\/uploads\/sites\/16\/2023\/10\/5.-photo3-1.jpeg 1024w, https:\/\/cov12.iavceivolcano.org\/content\/uploads\/sites\/16\/2023\/10\/5.-photo3-1-300x225.jpeg 300w, https:\/\/cov12.iavceivolcano.org\/content\/uploads\/sites\/16\/2023\/10\/5.-photo3-1-768x576.jpeg 768w, https:\/\/cov12.iavceivolcano.org\/content\/uploads\/sites\/16\/2023\/10\/5.-photo3-1-187x140.jpeg 187w\" width=\"1024\" height=\"768\" src=\"\/\/:0\" class=\"lazyload\" alt=\"5 Photo3 1\" style=\"\"   loading=\"lazy\" \/><noscript><img decoding=\"async\" width=\"1024\" height=\"768\" src=\"https:\/\/cov12.iavceivolcano.org\/content\/uploads\/sites\/16\/2023\/10\/5.-photo3-1.jpeg\" class=\"lazyload\" alt=\"5 Photo3 1\" style=\"\" srcset=\"https:\/\/cov12.iavceivolcano.org\/content\/uploads\/sites\/16\/2023\/10\/5.-photo3-1.jpeg 1024w, https:\/\/cov12.iavceivolcano.org\/content\/uploads\/sites\/16\/2023\/10\/5.-photo3-1-300x225.jpeg 300w, https:\/\/cov12.iavceivolcano.org\/content\/uploads\/sites\/16\/2023\/10\/5.-photo3-1-768x576.jpeg 768w, https:\/\/cov12.iavceivolcano.org\/content\/uploads\/sites\/16\/2023\/10\/5.-photo3-1-187x140.jpeg 187w\" sizes=\"auto, (max-width: 1024px) 100vw, 1024px\" loading=\"lazy\" \/><\/noscript><\/div><\/figure>\n<\/div>\n<\/div>\n","protected":false},"excerpt":{"rendered":"<p>&#8220;We are Where We Have to Be\u201d: Risk, Reality, Resettlement&nbsp; &nbsp; This field trip will introduce participants to the Indigenous Tz\u2019utujil Maya communities of Panabaj, Chuk Muk, Cerro de Oro, and Santiago Atitl\u00e1n on the flanks of Tolim\u00e1n volcano in&#8230;<\/p>\n","protected":false},"author":627,"featured_media":0,"parent":2185,"menu_order":0,"ping_status":"closed","template":"","meta":{"_acf_changed":false,"_searchwp_excluded":"","footnotes":""},"class_list":["post-2765","page","type-page","status-publish","hentry"],"acf":[],"lang":"en","translations":{"en":2765},"pll_sync_post":[],"_links":{"self":[{"href":"https:\/\/cov12.iavceivolcano.org\/api\/wp\/v2\/pages\/2765","targetHints":{"allow":["GET"]}}],"collection":[{"href":"https:\/\/cov12.iavceivolcano.org\/api\/wp\/v2\/pages"}],"about":[{"href":"https:\/\/cov12.iavceivolcano.org\/api\/wp\/v2\/types\/page"}],"author":[{"embeddable":true,"href":"https:\/\/cov12.iavceivolcano.org\/api\/wp\/v2\/users\/627"}],"version-history":[{"count":2,"href":"https:\/\/cov12.iavceivolcano.org\/api\/wp\/v2\/pages\/2765\/revisions"}],"predecessor-version":[{"id":2768,"href":"https:\/\/cov12.iavceivolcano.org\/api\/wp\/v2\/pages\/2765\/revisions\/2768"}],"up":[{"embeddable":true,"href":"https:\/\/cov12.iavceivolcano.org\/api\/wp\/v2\/pages\/2185"}],"wp:attachment":[{"href":"https:\/\/cov12.iavceivolcano.org\/api\/wp\/v2\/media?parent=2765"}],"curies":[{"name":"wp","href":"https:\/\/api.w.org\/{rel}","templated":true}]}}

Santiago Atitlán &#8211; Culture, Risk, and Resettlement Copy

<h2 class="block-heading">&#8220;We are Where We Have to Be”: Risk, Reality, Resettlement&nbsp; &nbsp;</h2>



<p><p>This field trip will introduce participants to the Indigenous Tz’utujil Maya communities of Panabaj, Chuk Muk, Cerro de Oro, and Santiago Atitlán on the flanks of Tolimán volcano in the Atitlán caldera. You’ll get a chance to meet with community members to learn about living and working here, explore Indigenous ways of relating to these landscapes, and visit sites associated with the Indigenous-centred Guatemalan feature film Cordillera de Fuego. We will explore ongoing realities of balancing environmental risk with complex socio-economic pressures in marginalised communities and post-disaster resettlements in the wake of the 2005 Panabaj landslide. This is a unique opportunity to gain in-depth, first-hand experience with people to whom this ‘red zone’ is home.</p>
<h2><b>“Estamos donde debemos estar”: Riesgo, realidad, reasentamiento</b></h2>
<p>Esta salida de campo presentará a los participantes las comunidades Indígenas Maya Tz’utujiles de Panabaj, Chuk Muk, Cerro de Oro y Santiago Atitlán en las laderas del volcán Tolimán en la caldera de Atitlán. Usted tendrá la oportunidad de reunirse con miembros de la comunidad para aprender sobre la vida y el trabajo en estos lugares, explorar los modos indígenas de relacionarse con estos paisajes y visitar sitios asociados con el largometraje guatemalteco centrado en la vida indígena Cordillera de Fuego. Exploraremos las realidades actuales de equilibrar el riesgo ambiental con las complejas presiones socioambientales en comunidades marginalizadas y en reasentamientos posteriores al desastre debido al deslizamiento de tierra en Panabaj en 2005. Esta es una oportunidad única de obtener una experiencia profunda y de primera mano con personas para quienes esta “zona roja” es su hogar.</p></p>



<div class="block-columns is-layout-flex container-core-columns-is-layout-9d6595d7 block-columns-is-layout-flex">
<div class="block-column is-layout-flow block-column-is-layout-flow">
<ul class="block-list">
<li>Type : Post-conference</li>



<li>Dates : February 18th &#8211; 23rd</li>
</ul>
</div>



<div class="block-column is-layout-flow block-column-is-layout-flow">
<ul class="block-list">
<li>Capacity : Up to 30</li>



<li>Organizer : Eliza Calder (eliza.calder@ed.ac.uk)&nbsp;&nbsp;</li>
</ul>
</div>



<div class="block-column is-layout-flow block-column-is-layout-flow">
<ul class="block-list">
<li>Language : Spanish/English</li>



<li>Cost : $200 (support available see below)</li>
</ul>
</div>
</div>





<div class="block-columns is-layout-flex container-core-columns-is-layout-9d6595d7 block-columns-is-layout-flex">
<div class="block-column is-layout-flow block-column-is-layout-flow">
<figure class="block-image size-full"><div class="loading-placeholder shine" style="aspect-ratio: 1/ 1.33333333333"><img decoding="async" data-sizes="(max-width: 768px) 100vw, 768px" data-src="https://cov12.iavceivolcano.org/content/uploads/sites/16/2023/10/5.-photo1-1.jpeg" data-srcset="https://cov12.iavceivolcano.org/content/uploads/sites/16/2023/10/5.-photo1-1.jpeg 768w, https://cov12.iavceivolcano.org/content/uploads/sites/16/2023/10/5.-photo1-1-225x300.jpeg 225w, https://cov12.iavceivolcano.org/content/uploads/sites/16/2023/10/5.-photo1-1-105x140.jpeg 105w" width="768" height="1024" src="//:0" class="lazyload" alt="5 Photo1 1" style=""   loading="lazy" /><noscript><img decoding="async" width="768" height="1024" src="https://cov12.iavceivolcano.org/content/uploads/sites/16/2023/10/5.-photo1-1.jpeg" class="lazyload" alt="5 Photo1 1" style="" srcset="https://cov12.iavceivolcano.org/content/uploads/sites/16/2023/10/5.-photo1-1.jpeg 768w, https://cov12.iavceivolcano.org/content/uploads/sites/16/2023/10/5.-photo1-1-225x300.jpeg 225w, https://cov12.iavceivolcano.org/content/uploads/sites/16/2023/10/5.-photo1-1-105x140.jpeg 105w" sizes="auto, (max-width: 768px) 100vw, 768px" loading="lazy" /></noscript></div></figure>
</div>



<div class="block-column is-layout-flow block-column-is-layout-flow">
<figure class="block-image size-full"><div class="loading-placeholder shine" style="aspect-ratio: 1/ 0.4541015625"><img decoding="async" data-sizes="(max-width: 1024px) 100vw, 1024px" data-src="https://cov12.iavceivolcano.org/content/uploads/sites/16/2023/10/5.-photo2-1.jpeg" data-srcset="https://cov12.iavceivolcano.org/content/uploads/sites/16/2023/10/5.-photo2-1.jpeg 1024w, https://cov12.iavceivolcano.org/content/uploads/sites/16/2023/10/5.-photo2-1-300x136.jpeg 300w, https://cov12.iavceivolcano.org/content/uploads/sites/16/2023/10/5.-photo2-1-768x349.jpeg 768w, https://cov12.iavceivolcano.org/content/uploads/sites/16/2023/10/5.-photo2-1-308x140.jpeg 308w" width="1024" height="465" src="//:0" class="lazyload" alt="5 Photo2 1" style=""   loading="lazy" /><noscript><img decoding="async" width="1024" height="465" src="https://cov12.iavceivolcano.org/content/uploads/sites/16/2023/10/5.-photo2-1.jpeg" class="lazyload" alt="5 Photo2 1" style="" srcset="https://cov12.iavceivolcano.org/content/uploads/sites/16/2023/10/5.-photo2-1.jpeg 1024w, https://cov12.iavceivolcano.org/content/uploads/sites/16/2023/10/5.-photo2-1-300x136.jpeg 300w, https://cov12.iavceivolcano.org/content/uploads/sites/16/2023/10/5.-photo2-1-768x349.jpeg 768w, https://cov12.iavceivolcano.org/content/uploads/sites/16/2023/10/5.-photo2-1-308x140.jpeg 308w" sizes="auto, (max-width: 1024px) 100vw, 1024px" loading="lazy" /></noscript></div></figure>



<figure class="block-image size-full"><div class="loading-placeholder shine" style="aspect-ratio: 1/ 0.75"><img decoding="async" data-sizes="(max-width: 1024px) 100vw, 1024px" data-src="https://cov12.iavceivolcano.org/content/uploads/sites/16/2023/10/5.-photo3-1.jpeg" data-srcset="https://cov12.iavceivolcano.org/content/uploads/sites/16/2023/10/5.-photo3-1.jpeg 1024w, https://cov12.iavceivolcano.org/content/uploads/sites/16/2023/10/5.-photo3-1-300x225.jpeg 300w, https://cov12.iavceivolcano.org/content/uploads/sites/16/2023/10/5.-photo3-1-768x576.jpeg 768w, https://cov12.iavceivolcano.org/content/uploads/sites/16/2023/10/5.-photo3-1-187x140.jpeg 187w" width="1024" height="768" src="//:0" class="lazyload" alt="5 Photo3 1" style=""   loading="lazy" /><noscript><img decoding="async" width="1024" height="768" src="https://cov12.iavceivolcano.org/content/uploads/sites/16/2023/10/5.-photo3-1.jpeg" class="lazyload" alt="5 Photo3 1" style="" srcset="https://cov12.iavceivolcano.org/content/uploads/sites/16/2023/10/5.-photo3-1.jpeg 1024w, https://cov12.iavceivolcano.org/content/uploads/sites/16/2023/10/5.-photo3-1-300x225.jpeg 300w, https://cov12.iavceivolcano.org/content/uploads/sites/16/2023/10/5.-photo3-1-768x576.jpeg 768w, https://cov12.iavceivolcano.org/content/uploads/sites/16/2023/10/5.-photo3-1-187x140.jpeg 187w" sizes="auto, (max-width: 1024px) 100vw, 1024px" loading="lazy" /></noscript></div></figure>
</div>
</div>

<p>&#8220;We are Where We Have to Be”: Risk, Reality, Resettlement&nbsp; &nbsp; This field trip will introduce participants to the Indigenous Tz’utujil Maya communities of Panabaj, Chuk Muk, Cerro de Oro, and Santiago Atitlán on the flanks of Tolimán volcano in&#8230;</p>
