{"id":2176,"date":"2023-10-13T22:25:00","date_gmt":"2023-10-13T22:25:00","guid":{"rendered":"https:\/\/cov12.iavceivolcano.org\/volcan-de-atitlan-copy\/"},"modified":"2023-11-22T14:40:16","modified_gmt":"2023-11-22T14:40:16","slug":"volcan-de-fuego-guatemala","status":"publish","type":"page","link":"https:\/\/cov12.iavceivolcano.org\/volcan-de-fuego-guatemala\/","title":{"rendered":"Volc\u00e1n de Fuego, Guatemala"},"content":{"rendered":"\n<h2 class=\"block-heading\">Diverse perspectives of Volc\u00e1n de Fuego, Guatemala&nbsp;<\/h2>\n\n\n\n<p><p>The field trip will combine observations of volcanic activity, a discussion of the hazards at Fuego with Guatemala scientists and community engagement. We will spend three days and two nights at the Fuego Observatory in Panimache, with the opportunity to camp, watch Fuego erupt at night, eat over a campfire and discuss the challenges of living and working in the shadow of one of the most active volcanoes in Central America. We will visit several valleys (Seca, Ceniza and Taniluya) on the Western flanks of Fuego down which pyroclastic flows and lahars travel and listen to leaders from communities exposed to volcanic such hazards, all under the leadership of Guatemala\u2019s most experience volcanologist, Gustavo Chigna.&nbsp;<\/p>\n<h2 class=\"block-heading\">Diverse perspectives of Volc\u00e1n de Fuego, Guatemala&nbsp;<\/h2>\n<p>El viaje de campo combinar\u00e1 observaciones de la actividad volc\u00e1nica, una discusi\u00f3n sobre los peligros en Fuego con cient\u00edficos de Guatemala y la participaci\u00f3n de la comunidad. Pasaremos tres d\u00edas y dos noches en el Observatorio de Fuego en Panimache, con la oportunidad de acampar, ver la erupci\u00f3n de Fuego por la noche, comer junto a una fogata y discutir los desaf\u00edos de vivir y trabajar a la sombra de uno de los volcanes m\u00e1s activos de Centroam\u00e9rica. Visitaremos varios valles (Seca, Ceniza y Taniluya) en los flancos occidentales de Fuego por donde viajan flujos pirocl\u00e1sticos y lahares y escucharemos a los l\u00edderes de comunidades expuestas a tales peligros volc\u00e1nicos, todo bajo el liderazgo del vulcan\u00f3logo con m\u00e1s experiencia de Guatemala, Gustavo Chigna.<\/p><\/p>\n\n\n\n<div class=\"block-columns is-layout-flex container-core-columns-is-layout-9d6595d7 block-columns-is-layout-flex\">\n<div class=\"block-column is-layout-flow block-column-is-layout-flow\">\n<ul class=\"block-list\">\n<li>Type : Pre-conference<\/li>\n\n\n\n<li>Dates : February 8th &#8211; 10th<\/li>\n<\/ul>\n<\/div>\n\n\n\n<div class=\"block-column is-layout-flow block-column-is-layout-flow\">\n<ul class=\"block-list\">\n<li>Capacity : 5 -30<\/li>\n\n\n\n<li>Organizer : Matt Watson (<a href=\"mailto:Matt.Watson@bristol.ac.uk\" target=\"_blank\" rel=\"noreferrer noopener\">Matt.Watson@bristol.ac.uk<\/a>)<\/li>\n<\/ul>\n<\/div>\n\n\n\n<div class=\"block-column is-layout-flow block-column-is-layout-flow\">\n<ul class=\"block-list\">\n<li>Language :&nbsp;Spanish\/English<\/li>\n\n\n\n<li>Cost : $300<\/li>\n<\/ul>\n<\/div>\n<\/div>\n\n\n","protected":false},"excerpt":{"rendered":"<p>Diverse perspectives of Volc\u00e1n de Fuego, Guatemala&nbsp; The field trip will combine observations of volcanic activity, a discussion of the hazards at Fuego with Guatemala scientists and community engagement. We will spend three days and two nights at the Fuego&#8230;<\/p>\n","protected":false},"author":627,"featured_media":0,"parent":0,"menu_order":0,"ping_status":"closed","template":"","meta":{"_acf_changed":false,"_searchwp_excluded":"","footnotes":""},"class_list":["post-2176","page","type-page","status-publish","hentry"],"acf":[],"lang":"en","translations":{"en":2176},"pll_sync_post":[],"_links":{"self":[{"href":"https:\/\/cov12.iavceivolcano.org\/api\/wp\/v2\/pages\/2176","targetHints":{"allow":["GET"]}}],"collection":[{"href":"https:\/\/cov12.iavceivolcano.org\/api\/wp\/v2\/pages"}],"about":[{"href":"https:\/\/cov12.iavceivolcano.org\/api\/wp\/v2\/types\/page"}],"author":[{"embeddable":true,"href":"https:\/\/cov12.iavceivolcano.org\/api\/wp\/v2\/users\/627"}],"version-history":[{"count":8,"href":"https:\/\/cov12.iavceivolcano.org\/api\/wp\/v2\/pages\/2176\/revisions"}],"predecessor-version":[{"id":2814,"href":"https:\/\/cov12.iavceivolcano.org\/api\/wp\/v2\/pages\/2176\/revisions\/2814"}],"wp:attachment":[{"href":"https:\/\/cov12.iavceivolcano.org\/api\/wp\/v2\/media?parent=2176"}],"curies":[{"name":"wp","href":"https:\/\/api.w.org\/{rel}","templated":true}]}}

Volcán de Fuego, Guatemala

<h2 class="block-heading">Diverse perspectives of Volcán de Fuego, Guatemala&nbsp;</h2>



<p><p>The field trip will combine observations of volcanic activity, a discussion of the hazards at Fuego with Guatemala scientists and community engagement. We will spend three days and two nights at the Fuego Observatory in Panimache, with the opportunity to camp, watch Fuego erupt at night, eat over a campfire and discuss the challenges of living and working in the shadow of one of the most active volcanoes in Central America. We will visit several valleys (Seca, Ceniza and Taniluya) on the Western flanks of Fuego down which pyroclastic flows and lahars travel and listen to leaders from communities exposed to volcanic such hazards, all under the leadership of Guatemala’s most experience volcanologist, Gustavo Chigna.&nbsp;</p>
<h2 class="block-heading">Diverse perspectives of Volcán de Fuego, Guatemala&nbsp;</h2>
<p>El viaje de campo combinará observaciones de la actividad volcánica, una discusión sobre los peligros en Fuego con científicos de Guatemala y la participación de la comunidad. Pasaremos tres días y dos noches en el Observatorio de Fuego en Panimache, con la oportunidad de acampar, ver la erupción de Fuego por la noche, comer junto a una fogata y discutir los desafíos de vivir y trabajar a la sombra de uno de los volcanes más activos de Centroamérica. Visitaremos varios valles (Seca, Ceniza y Taniluya) en los flancos occidentales de Fuego por donde viajan flujos piroclásticos y lahares y escucharemos a los líderes de comunidades expuestas a tales peligros volcánicos, todo bajo el liderazgo del vulcanólogo con más experiencia de Guatemala, Gustavo Chigna.</p></p>



<div class="block-columns is-layout-flex container-core-columns-is-layout-9d6595d7 block-columns-is-layout-flex">
<div class="block-column is-layout-flow block-column-is-layout-flow">
<ul class="block-list">
<li>Type : Pre-conference</li>



<li>Dates : February 8th &#8211; 10th</li>
</ul>
</div>



<div class="block-column is-layout-flow block-column-is-layout-flow">
<ul class="block-list">
<li>Capacity : 5 -30</li>



<li>Organizer : Matt Watson (<a href="mailto:Matt.Watson@bristol.ac.uk" target="_blank" rel="noreferrer noopener">Matt.Watson@bristol.ac.uk</a>)</li>
</ul>
</div>



<div class="block-column is-layout-flow block-column-is-layout-flow">
<ul class="block-list">
<li>Language :&nbsp;Spanish/English</li>



<li>Cost : $300</li>
</ul>
</div>
</div>

<p>Diverse perspectives of Volcán de Fuego, Guatemala&nbsp; The field trip will combine observations of volcanic activity, a discussion of the hazards at Fuego with Guatemala scientists and community engagement. We will spend three days and two nights at the Fuego&#8230;</p>
