{"id":1834,"date":"2023-09-16T19:09:39","date_gmt":"2023-09-16T19:09:39","guid":{"rendered":"https:\/\/cov12.iavceivolcano.org\/venue-copy-2\/"},"modified":"2024-02-08T18:26:19","modified_gmt":"2024-02-08T18:26:19","slug":"registration","status":"publish","type":"page","link":"https:\/\/cov12.iavceivolcano.org\/registration\/","title":{"rendered":"Registration \/ Inscripci\u00f3n"},"content":{"rendered":"\n\n<div class=\"alignfull slider-fullheight-wrapper\">\n\n    <div class=\"block-slider slider slider--fade ns triangle-bottom alignfull\" data-slider='{ \"type\": \"fade\", \"speed\": 2500, \"autoplay\": false, \"interval\": 5000, \"lazyLoad\": \"nearby\", \"rewind\": true, \"arrows\": false, \"drag\": false, \"pagination\": false, \"waitForTransition\": false, \"breakpoints\": { \"959\": { \"pagination\": false } }  }'>\n        <div class=\"slider__track\">\n            <div class=\"slider__list\">\n\n            \n                <div class=\"slider__slide block-slide\">\n\n                    <div class=\"block-slider-wrapper\" style=\"background: linear-gradient(90deg, rgba(0,0,0,1) 30%, rgb(0,0,0) 50%, rgba(0,0,0,1) 80%)\">\n\n                        \n                                                <div class=\"block-slider-content flex middle-xs\">\n                            <div class=\"alignwide\">\n\n                                <div class=\"parallax-opposite\">\n                                    \n                                                                                                                <h1 class=\"block-slider-title slider-title has-white-text-color\"><span>Registration \/ Inscripci\u00f3n<\/span><\/h1>\n                                                                                                                \n                                    \n                                    \n                                    \n                                    \n                                    \n                                <\/div>\n\n                            <\/div>\n                        <\/div>\n                        \n                        \n                                                <div class=\"block-slider-back\">\n                            <span class=\"block-slider-back-left\" style=\"background: rgb(0,0,0);\"><\/span>\n                            <span class=\"block-slider-back-right\" style=\"background: rgb(0,0,0);\"><\/span>\n                            <div class=\"block-slider-back-anim\">\n                                                                <span class=\"block-slider-back-anim-radial\" style=\"background: radial-gradient(circle, rgba(0,0,0,0) 44%, rgba(0,0,0,0.8) 60%, rgb(0,0,0) 70%);\"><\/span>\n                                \n                                <video width=\"100%\" height=\"100%\" playsinline autoplay=\"\" loop muted webkit-playsinline=\"true\" preload=\"metadata\" webkitallowfullscreen=\"\" mozallowfullscreen=\"\" allowfullscreen=\"\" src=\"https:\/\/cov12.iavceivolcano.org\/content\/uploads\/sites\/16\/2023\/01\/fuego-volcano-explosion-drone-shot-diegorizzophoto.mp4\" type=\"video\/mp4\">\n                                <\/video>\n                            <\/div>\n                        <\/div>\n                        \n                    <\/div>\n                <\/div>\n\n            \n            <\/div>\n        <\/div>\n\n        <svg viewBox=\"0 0 100 100\" preserveAspectRatio=\"none\" class=\"triangle triangle-bottom\">\n            <path d=\"M0 0 L50 90 L100 0 V100 H0\" fill=\"#fff\" \/>\n        <\/svg>\n\n    <\/div>\n\n    <div class=\"slider-fullheight-content\">\n\n        <div class=\"alignwide\">\n\n            \n            \n        <\/div>\n    <\/div>\n<\/div>\n\n\n\n<div class=\"block-columns is-layout-flex container-core-columns-is-layout-9d6595d7 block-columns-is-layout-flex\">\n<div class=\"block-column is-layout-flow block-column-is-layout-flow\">\n<div class=\"block-columns is-layout-flex container-core-columns-is-layout-9d6595d7 block-columns-is-layout-flex\">\n<div class=\"block-column is-layout-flow block-column-is-layout-flow\">\n<h2 class=\"block-heading\">Todas las inscripciones han cerrado, debido a que la conferencia ha llegado a su capacidad maxima de participantes.<\/h2>\n\n\n\n<h3 class=\"block-heading\">Los costos de inscripci\u00f3n cubrir\u00e1n:<\/h3>\n\n\n\n<ul class=\"block-list\">\n<li>Recepci\u00f3n de bienvenida el domingo por la noche<\/li>\n\n\n\n<li>El programa completo de la conferencia&nbsp;<\/li>\n\n\n\n<li>Un viaje de campo a mitad de la conferencia al volc\u00e1n de Pacaya o al de Fuego&nbsp;<\/li>\n\n\n\n<li>Entrada a los eventos culturales los lunes, martes y jueves por la noche.<\/li>\n\n\n\n<li>Evento de clausura el viernes por la noche&nbsp;<\/li>\n<\/ul>\n\n\n\n<p>La inscripci\u00f3n no cubrir\u00e1 las excursiones y talleres (opcionales) previos y posteriores a la conferencia. Los costos de estos eventos son administrados por los l\u00edderes de excursiones y talleres y tienen un espacio limitado. La informaci\u00f3n sobre los eventos previos y posteriores a la conferencia se proporcionar\u00e1 a mediados de Octubre y se puede encontrar en las p\u00e1ginas de <a href=\"https:\/\/cov12.iavceivolcano.org\/workshops\/\">talleres<\/a> y <a href=\"https:\/\/cov12.iavceivolcano.org\/field-trips\/\">excursiones<\/a>.<\/p>\n\n\n\n<p>Los enlaces a informaci\u00f3n pr\u00e1ctica sobre La Antigua Guatemala, la sede de la conferencia y los costos de viaje previstos se pueden encontrar en la <a href=\"https:\/\/cov12.iavceivolcano.org\/information\/\">pagina de informaci\u00f3n<\/a>.<\/p>\n\n\n\n<p>Se pondr\u00e1 a disposici\u00f3n de los participantes locales un n\u00famero limitado de <strong>pases diarios<\/strong> de entrada a la conferencia. Dado el tama\u00f1o limitado del lugar, ser\u00e1 necesario hacer reservaciones con anticipaci\u00f3n para obtener pases diarios de entrada a la conferencia.<\/p>\n\n\n\n<p><strong>Acompa\u00f1antes<\/strong> de asistentes registrados de la conferencia son bienvenidos a La Antigua Guatemala; sin embargo, dada la restricci\u00f3n de tama\u00f1o del lugar, no ser\u00e1 posible que los acompa\u00f1antes participen en el programa diario regular. Habr\u00e1 opciones para que los acompa\u00f1antes participen en algunos eventos culturales de la conferencia y los costos se publicar\u00e1n a mediados de noviembre.<\/p>\n<\/div>\n\n\n\n<div class=\"block-column is-layout-flow block-column-is-layout-flow\">\n<h2 class=\"block-heading\">All registrations have close, due to the conference reaching its maximum capacity.<\/h2>\n\n\n\n<p><\/p>\n\n\n\n<h3 class=\"block-heading\">Registration costs will cover:<\/h3>\n\n\n\n<ul class=\"block-list\">\n<li>The ice breaker on Sunday evening<\/li>\n\n\n\n<li>The full conference program&nbsp;<\/li>\n\n\n\n<li>A mid-conference field trip to Pacaya or Fuego&nbsp;<\/li>\n\n\n\n<li>Entrance to the cultural events on Monday, Tuesday, and Thursday evenings<\/li>\n\n\n\n<li>A closing event on Friday evening&nbsp;<\/li>\n<\/ul>\n\n\n\n<p>Registration will <em>not <\/em>cover the (optional) pre- and post- conference field trips and workshops. These costs are managed by field trip and workshop leaders and are limited in space. Information about pre- and post-conference events will be provided in mid-October and can be found on the <a href=\"https:\/\/cov12.iavceivolcano.org\/workshops\/\">workshops<\/a> and <a href=\"https:\/\/cov12.iavceivolcano.org\/field-trips\/\">field trips<\/a> pages. <\/p>\n\n\n\n<p>Links to practical&nbsp;information about La Antigua Guatemala, the conference venue, and expected travel costs can be found on the <a href=\"https:\/\/cov12.iavceivolcano.org\/information\/\">information page<\/a>.  <\/p>\n\n\n\n<p>A limited number of daily conference entry <strong>day passes<\/strong> will be made available for local participants. Given the limited size of the venue reservations will need to be made in advance for day participation.&nbsp;<\/p>\n\n\n\n<p><strong>Accompanying guests<\/strong> are welcomed to La Antigua Guatemala, however given the venue\u2019s size restriction it will not be possible for accompanying guests to participate in the regular daily program  There will be options for accompanying guests to participate in some conference cultural events and costs will be published in mid-November.<\/p>\n<\/div>\n<\/div>\n\n\n\n<hr class=\"block-separator has-alpha-channel-opacity\"\/>\n<\/div>\n<\/div>\n\n\n\n<hr class=\"block-separator has-alpha-channel-opacity\"\/>\n\n\n\n<div class=\"block-columns is-layout-flex container-core-columns-is-layout-9d6595d7 block-columns-is-layout-flex\">\n<div class=\"block-column is-layout-flow block-column-is-layout-flow\">\n<figure class=\"block-image aligncenter size-full is-resized\"><div class=\"loading-placeholder shine\" style=\"aspect-ratio: 1\/ 1\"><img decoding=\"async\" data-sizes=\"(max-width: 240px) 100vw, 240px\" data-src=\"https:\/\/cov12.iavceivolcano.org\/content\/uploads\/sites\/16\/2023\/09\/la-antigua-guatemala-transparent-4-300x300.png\" data-srcset=\"https:\/\/cov12.iavceivolcano.org\/content\/uploads\/sites\/16\/2023\/09\/la-antigua-guatemala-transparent-4-300x300.png 300w, https:\/\/cov12.iavceivolcano.org\/content\/uploads\/sites\/16\/2023\/09\/la-antigua-guatemala-transparent-4-150x150.png 150w, https:\/\/cov12.iavceivolcano.org\/content\/uploads\/sites\/16\/2023\/09\/la-antigua-guatemala-transparent-4-190x190.png 190w, https:\/\/cov12.iavceivolcano.org\/content\/uploads\/sites\/16\/2023\/09\/la-antigua-guatemala-transparent-4-380x380.png 380w, https:\/\/cov12.iavceivolcano.org\/content\/uploads\/sites\/16\/2023\/09\/la-antigua-guatemala-transparent-4-140x140.png 140w, https:\/\/cov12.iavceivolcano.org\/content\/uploads\/sites\/16\/2023\/09\/la-antigua-guatemala-transparent-4.png 750w\" width=\"240\" height=\"240\" src=\"\/\/:0\" class=\"lazyload\" alt=\"La Antigua Guatemala Transparent\" style=\"width:240px;height:240px\"   loading=\"lazy\" \/><noscript><img decoding=\"async\" width=\"240\" height=\"240\" src=\"https:\/\/cov12.iavceivolcano.org\/content\/uploads\/sites\/16\/2023\/09\/la-antigua-guatemala-transparent-4-300x300.png\" class=\"lazyload\" alt=\"La Antigua Guatemala Transparent\" style=\"width:240px;height:240px\" srcset=\"https:\/\/cov12.iavceivolcano.org\/content\/uploads\/sites\/16\/2023\/09\/la-antigua-guatemala-transparent-4-300x300.png 300w, https:\/\/cov12.iavceivolcano.org\/content\/uploads\/sites\/16\/2023\/09\/la-antigua-guatemala-transparent-4-150x150.png 150w, https:\/\/cov12.iavceivolcano.org\/content\/uploads\/sites\/16\/2023\/09\/la-antigua-guatemala-transparent-4-190x190.png 190w, https:\/\/cov12.iavceivolcano.org\/content\/uploads\/sites\/16\/2023\/09\/la-antigua-guatemala-transparent-4-380x380.png 380w, https:\/\/cov12.iavceivolcano.org\/content\/uploads\/sites\/16\/2023\/09\/la-antigua-guatemala-transparent-4-140x140.png 140w, https:\/\/cov12.iavceivolcano.org\/content\/uploads\/sites\/16\/2023\/09\/la-antigua-guatemala-transparent-4.png 750w\" sizes=\"auto, (max-width: 240px) 100vw, 240px\" loading=\"lazy\" \/><\/noscript><\/div><\/figure>\n<\/div>\n<\/div>\n","protected":false},"excerpt":{"rendered":"<p>Todas las inscripciones han cerrado, debido a que la conferencia ha llegado a su capacidad maxima de participantes. Los costos de inscripci\u00f3n cubrir\u00e1n: La inscripci\u00f3n no cubrir\u00e1 las excursiones y talleres (opcionales) previos y posteriores a la conferencia. Los costos&#8230;<\/p>\n","protected":false},"author":611,"featured_media":0,"parent":0,"menu_order":8,"ping_status":"closed","template":"","meta":{"_acf_changed":false,"_searchwp_excluded":"","footnotes":""},"class_list":["post-1834","page","type-page","status-publish","hentry"],"acf":[],"lang":"en","translations":{"en":1834},"pll_sync_post":[],"_links":{"self":[{"href":"https:\/\/cov12.iavceivolcano.org\/api\/wp\/v2\/pages\/1834","targetHints":{"allow":["GET"]}}],"collection":[{"href":"https:\/\/cov12.iavceivolcano.org\/api\/wp\/v2\/pages"}],"about":[{"href":"https:\/\/cov12.iavceivolcano.org\/api\/wp\/v2\/types\/page"}],"author":[{"embeddable":true,"href":"https:\/\/cov12.iavceivolcano.org\/api\/wp\/v2\/users\/611"}],"version-history":[{"count":19,"href":"https:\/\/cov12.iavceivolcano.org\/api\/wp\/v2\/pages\/1834\/revisions"}],"predecessor-version":[{"id":3199,"href":"https:\/\/cov12.iavceivolcano.org\/api\/wp\/v2\/pages\/1834\/revisions\/3199"}],"wp:attachment":[{"href":"https:\/\/cov12.iavceivolcano.org\/api\/wp\/v2\/media?parent=1834"}],"curies":[{"name":"wp","href":"https:\/\/api.w.org\/{rel}","templated":true}]}}

Registration / Inscripción

<div class="alignfull slider-fullheight-wrapper">

    <div class="block-slider slider slider--fade ns triangle-bottom alignfull" data-slider='{ "type": "fade", "speed": 2500, "autoplay": false, "interval": 5000, "lazyLoad": "nearby", "rewind": true, "arrows": false, "drag": false, "pagination": false, "waitForTransition": false, "breakpoints": { "959": { "pagination": false } }  }'>
        <div class="slider__track">
            <div class="slider__list">

            
                <div class="slider__slide block-slide">

                    <div class="block-slider-wrapper" style="background: linear-gradient(90deg, rgba(0,0,0,1) 30%, rgb(0,0,0) 50%, rgba(0,0,0,1) 80%)">

                        
                                                <div class="block-slider-content flex middle-xs">
                            <div class="alignwide">

                                <div class="parallax-opposite">
                                    
                                                                                                                <h1 class="block-slider-title slider-title has-white-text-color"><span>Registration / Inscripción</span></h1>
                                                                                                                
                                    
                                    
                                    
                                    
                                    
                                </div>

                            </div>
                        </div>
                        
                        
                                                <div class="block-slider-back">
                            <span class="block-slider-back-left" style="background: rgb(0,0,0);"></span>
                            <span class="block-slider-back-right" style="background: rgb(0,0,0);"></span>
                            <div class="block-slider-back-anim">
                                                                <span class="block-slider-back-anim-radial" style="background: radial-gradient(circle, rgba(0,0,0,0) 44%, rgba(0,0,0,0.8) 60%, rgb(0,0,0) 70%);"></span>
                                
                                <video width="100%" height="100%" playsinline autoplay="" loop muted webkit-playsinline="true" preload="metadata" webkitallowfullscreen="" mozallowfullscreen="" allowfullscreen="" src="https://cov12.iavceivolcano.org/content/uploads/sites/16/2023/01/fuego-volcano-explosion-drone-shot-diegorizzophoto.mp4" type="video/mp4">
                                </video>
                            </div>
                        </div>
                        
                    </div>
                </div>

            
            </div>
        </div>

        <svg viewBox="0 0 100 100" preserveAspectRatio="none" class="triangle triangle-bottom">
            <path d="M0 0 L50 90 L100 0 V100 H0" fill="#fff" />
        </svg>

    </div>

    <div class="slider-fullheight-content">

        <div class="alignwide">

            
            
        </div>
    </div>
</div>



<div class="block-columns is-layout-flex container-core-columns-is-layout-9d6595d7 block-columns-is-layout-flex">
<div class="block-column is-layout-flow block-column-is-layout-flow">
<div class="block-columns is-layout-flex container-core-columns-is-layout-9d6595d7 block-columns-is-layout-flex">
<div class="block-column is-layout-flow block-column-is-layout-flow">
<h2 class="block-heading">Todas las inscripciones han cerrado, debido a que la conferencia ha llegado a su capacidad maxima de participantes.</h2>



<h3 class="block-heading">Los costos de inscripción cubrirán:</h3>



<ul class="block-list">
<li>Recepción de bienvenida el domingo por la noche</li>



<li>El programa completo de la conferencia&nbsp;</li>



<li>Un viaje de campo a mitad de la conferencia al volcán de Pacaya o al de Fuego&nbsp;</li>



<li>Entrada a los eventos culturales los lunes, martes y jueves por la noche.</li>



<li>Evento de clausura el viernes por la noche&nbsp;</li>
</ul>



<p>La inscripción no cubrirá las excursiones y talleres (opcionales) previos y posteriores a la conferencia. Los costos de estos eventos son administrados por los líderes de excursiones y talleres y tienen un espacio limitado. La información sobre los eventos previos y posteriores a la conferencia se proporcionará a mediados de Octubre y se puede encontrar en las páginas de <a href="https://cov12.iavceivolcano.org/workshops/">talleres</a> y <a href="https://cov12.iavceivolcano.org/field-trips/">excursiones</a>.</p>



<p>Los enlaces a información práctica sobre La Antigua Guatemala, la sede de la conferencia y los costos de viaje previstos se pueden encontrar en la <a href="https://cov12.iavceivolcano.org/information/">pagina de información</a>.</p>



<p>Se pondrá a disposición de los participantes locales un número limitado de <strong>pases diarios</strong> de entrada a la conferencia. Dado el tamaño limitado del lugar, será necesario hacer reservaciones con anticipación para obtener pases diarios de entrada a la conferencia.</p>



<p><strong>Acompañantes</strong> de asistentes registrados de la conferencia son bienvenidos a La Antigua Guatemala; sin embargo, dada la restricción de tamaño del lugar, no será posible que los acompañantes participen en el programa diario regular. Habrá opciones para que los acompañantes participen en algunos eventos culturales de la conferencia y los costos se publicarán a mediados de noviembre.</p>
</div>



<div class="block-column is-layout-flow block-column-is-layout-flow">
<h2 class="block-heading">All registrations have close, due to the conference reaching its maximum capacity.</h2>



<p></p>



<h3 class="block-heading">Registration costs will cover:</h3>



<ul class="block-list">
<li>The ice breaker on Sunday evening</li>



<li>The full conference program&nbsp;</li>



<li>A mid-conference field trip to Pacaya or Fuego&nbsp;</li>



<li>Entrance to the cultural events on Monday, Tuesday, and Thursday evenings</li>



<li>A closing event on Friday evening&nbsp;</li>
</ul>



<p>Registration will <em>not </em>cover the (optional) pre- and post- conference field trips and workshops. These costs are managed by field trip and workshop leaders and are limited in space. Information about pre- and post-conference events will be provided in mid-October and can be found on the <a href="https://cov12.iavceivolcano.org/workshops/">workshops</a> and <a href="https://cov12.iavceivolcano.org/field-trips/">field trips</a> pages. </p>



<p>Links to practical&nbsp;information about La Antigua Guatemala, the conference venue, and expected travel costs can be found on the <a href="https://cov12.iavceivolcano.org/information/">information page</a>.  </p>



<p>A limited number of daily conference entry <strong>day passes</strong> will be made available for local participants. Given the limited size of the venue reservations will need to be made in advance for day participation.&nbsp;</p>



<p><strong>Accompanying guests</strong> are welcomed to La Antigua Guatemala, however given the venue’s size restriction it will not be possible for accompanying guests to participate in the regular daily program  There will be options for accompanying guests to participate in some conference cultural events and costs will be published in mid-November.</p>
</div>
</div>



<hr class="block-separator has-alpha-channel-opacity"/>
</div>
</div>



<hr class="block-separator has-alpha-channel-opacity"/>



<div class="block-columns is-layout-flex container-core-columns-is-layout-9d6595d7 block-columns-is-layout-flex">
<div class="block-column is-layout-flow block-column-is-layout-flow">
<figure class="block-image aligncenter size-full is-resized"><div class="loading-placeholder shine" style="aspect-ratio: 1/ 1"><img decoding="async" data-sizes="(max-width: 240px) 100vw, 240px" data-src="https://cov12.iavceivolcano.org/content/uploads/sites/16/2023/09/la-antigua-guatemala-transparent-4-300x300.png" data-srcset="https://cov12.iavceivolcano.org/content/uploads/sites/16/2023/09/la-antigua-guatemala-transparent-4-300x300.png 300w, https://cov12.iavceivolcano.org/content/uploads/sites/16/2023/09/la-antigua-guatemala-transparent-4-150x150.png 150w, https://cov12.iavceivolcano.org/content/uploads/sites/16/2023/09/la-antigua-guatemala-transparent-4-190x190.png 190w, https://cov12.iavceivolcano.org/content/uploads/sites/16/2023/09/la-antigua-guatemala-transparent-4-380x380.png 380w, https://cov12.iavceivolcano.org/content/uploads/sites/16/2023/09/la-antigua-guatemala-transparent-4-140x140.png 140w, https://cov12.iavceivolcano.org/content/uploads/sites/16/2023/09/la-antigua-guatemala-transparent-4.png 750w" width="240" height="240" src="//:0" class="lazyload" alt="La Antigua Guatemala Transparent" style="width:240px;height:240px"   loading="lazy" /><noscript><img decoding="async" width="240" height="240" src="https://cov12.iavceivolcano.org/content/uploads/sites/16/2023/09/la-antigua-guatemala-transparent-4-300x300.png" class="lazyload" alt="La Antigua Guatemala Transparent" style="width:240px;height:240px" srcset="https://cov12.iavceivolcano.org/content/uploads/sites/16/2023/09/la-antigua-guatemala-transparent-4-300x300.png 300w, https://cov12.iavceivolcano.org/content/uploads/sites/16/2023/09/la-antigua-guatemala-transparent-4-150x150.png 150w, https://cov12.iavceivolcano.org/content/uploads/sites/16/2023/09/la-antigua-guatemala-transparent-4-190x190.png 190w, https://cov12.iavceivolcano.org/content/uploads/sites/16/2023/09/la-antigua-guatemala-transparent-4-380x380.png 380w, https://cov12.iavceivolcano.org/content/uploads/sites/16/2023/09/la-antigua-guatemala-transparent-4-140x140.png 140w, https://cov12.iavceivolcano.org/content/uploads/sites/16/2023/09/la-antigua-guatemala-transparent-4.png 750w" sizes="auto, (max-width: 240px) 100vw, 240px" loading="lazy" /></noscript></div></figure>
</div>
</div>

<p>Todas las inscripciones han cerrado, debido a que la conferencia ha llegado a su capacidad maxima de participantes. Los costos de inscripción cubrirán: La inscripción no cubrirá las excursiones y talleres (opcionales) previos y posteriores a la conferencia. Los costos&#8230;</p>
